{"id":8,"date":"2012-05-01T00:00:28","date_gmt":"2012-05-01T00:00:28","guid":{"rendered":"http:\/\/www.turcianskydur.sk\/?page_id=8"},"modified":"2026-04-02T23:16:16","modified_gmt":"2026-04-02T23:16:16","slug":"zastupitelstvo","status":"publish","type":"page","link":"https:\/\/www.turcianskydur.sk\/?page_id=8","title":{"rendered":"Samospr\u00e1va"},"content":{"rendered":"<div class=\"column\">\n<h2>Starosta obce<\/h2>\n<p>Ing. Viera Hanesov\u00e1<\/p>\n<ul>\n<li><a href=\"http:\/\/www.turcianskydur.sk\/wp-content\/uploads\/2026\/04\/tlacivoAB_N13e_ev_2025.pdf\">Ozn\u00e1menie pod\u013ea z\u00e1kona \u010d. 357\/2004 Z. z. za rok 2025<\/a><\/li>\n<li><a href=\"http:\/\/www.turcianskydur.sk\/wp-content\/uploads\/2026\/04\/tlacivoAB_N13e_ev_2024.pdf\">Ozn\u00e1menie pod\u013ea z\u00e1kona \u010d. 357\/2004 Z. z. za rok 2024<\/a><\/li>\n<li><a href=\"http:\/\/www.turcianskydur.sk\/wp-content\/uploads\/2025\/10\/Oznamenie-podla-zakona-c.3572004-2023.pdf\">Ozn\u00e1menie pod\u013ea z\u00e1kona \u010d. 357\/2004 Z. z. za rok 2023<\/a><\/li>\n<li><a href=\"http:\/\/www.turcianskydur.sk\/wp-content\/uploads\/2025\/10\/Oznamenie-podla-zakona-c.3572004-2022.pdf\">Ozn\u00e1menie pod\u013ea z\u00e1kona \u010d. 357\/2004 Z. z. za rok 2022<\/a><\/li>\n<li><a href=\"http:\/\/www.turcianskydur.sk\/wp-content\/uploads\/2025\/10\/Oznamenie-podla-zakona-c.3572004-2021.pdf\">Ozn\u00e1menie pod\u013ea z\u00e1kona \u010d. 357\/2004 Z. z. za rok 2021<\/a><\/li>\n<li><a href=\"http:\/\/www.turcianskydur.sk\/wp-content\/uploads\/2025\/10\/Oznamenie-podla-zakona-c.3572004-2020.pdf\">Ozn\u00e1menie pod\u013ea z\u00e1kona \u010d. 357\/2004 Z. z. za rok 2020<\/a><\/li>\n<li><a href=\"http:\/\/www.turcianskydur.sk\/wp-content\/uploads\/2025\/10\/Oznamenie-podla-zakona-c.3572004-2019.pdf\">Ozn\u00e1menie pod\u013ea z\u00e1kona \u010d. 357\/2004 Z. z. za rok 2019<\/a><\/li>\n<\/ul>\n<\/div>\n<div class=\"column\">\n<h2>Z\u00e1stupca starostu<\/h2>\n<p>Martina P\u00e1le\u0161ov\u00e1<\/p>\n<\/div>\n<h2>Poslanci<\/h2>\n<p>Martina P\u00e1le\u0161ov\u00e1<br \/>\nRen\u00e1ta Paulusov\u00e1<br \/>\nIvana Thomkov\u00e1<br \/>\nMaro\u0161 Lettrich<br \/>\nPeter Kuna<\/p>\n<div class=\"column\">\n<h2>Hlavn\u00fd kontrol\u00f3r obce<\/h2>\n<p>Mgr. Daniela Hupkov\u00e1 Dan\u010dov\u00e1<\/p>\n<\/div>\n<p><!--more--><\/p>\n<hr \/>\n","protected":false},"excerpt":{"rendered":"<p>Starosta obce Ing. Viera[&#8230;]<\/p>\n","protected":false},"author":1,"featured_media":0,"parent":0,"menu_order":2,"comment_status":"closed","ping_status":"closed","template":"","meta":{"footnotes":""},"class_list":["post-8","page","type-page","status-publish","hentry"],"_links":{"self":[{"href":"https:\/\/www.turcianskydur.sk\/index.php?rest_route=\/wp\/v2\/pages\/8","targetHints":{"allow":["GET"]}}],"collection":[{"href":"https:\/\/www.turcianskydur.sk\/index.php?rest_route=\/wp\/v2\/pages"}],"about":[{"href":"https:\/\/www.turcianskydur.sk\/index.php?rest_route=\/wp\/v2\/types\/page"}],"author":[{"embeddable":true,"href":"https:\/\/www.turcianskydur.sk\/index.php?rest_route=\/wp\/v2\/users\/1"}],"replies":[{"embeddable":true,"href":"https:\/\/www.turcianskydur.sk\/index.php?rest_route=%2Fwp%2Fv2%2Fcomments&post=8"}],"version-history":[{"count":28,"href":"https:\/\/www.turcianskydur.sk\/index.php?rest_route=\/wp\/v2\/pages\/8\/revisions"}],"predecessor-version":[{"id":5554,"href":"https:\/\/www.turcianskydur.sk\/index.php?rest_route=\/wp\/v2\/pages\/8\/revisions\/5554"}],"wp:attachment":[{"href":"https:\/\/www.turcianskydur.sk\/index.php?rest_route=%2Fwp%2Fv2%2Fmedia&parent=8"}],"curies":[{"name":"wp","href":"https:\/\/api.w.org\/{rel}","templated":true}]}}

Samospráva

<div class="column">
<h2>Starosta obce</h2>
<p>Ing. Viera Hanesová</p>
<ul>
<li><a href="http://www.turcianskydur.sk/wp-content/uploads/2026/04/tlacivoAB_N13e_ev_2025.pdf">Oznámenie podľa zákona č. 357/2004 Z. z. za rok 2025</a></li>
<li><a href="http://www.turcianskydur.sk/wp-content/uploads/2026/04/tlacivoAB_N13e_ev_2024.pdf">Oznámenie podľa zákona č. 357/2004 Z. z. za rok 2024</a></li>
<li><a href="http://www.turcianskydur.sk/wp-content/uploads/2025/10/Oznamenie-podla-zakona-c.3572004-2023.pdf">Oznámenie podľa zákona č. 357/2004 Z. z. za rok 2023</a></li>
<li><a href="http://www.turcianskydur.sk/wp-content/uploads/2025/10/Oznamenie-podla-zakona-c.3572004-2022.pdf">Oznámenie podľa zákona č. 357/2004 Z. z. za rok 2022</a></li>
<li><a href="http://www.turcianskydur.sk/wp-content/uploads/2025/10/Oznamenie-podla-zakona-c.3572004-2021.pdf">Oznámenie podľa zákona č. 357/2004 Z. z. za rok 2021</a></li>
<li><a href="http://www.turcianskydur.sk/wp-content/uploads/2025/10/Oznamenie-podla-zakona-c.3572004-2020.pdf">Oznámenie podľa zákona č. 357/2004 Z. z. za rok 2020</a></li>
<li><a href="http://www.turcianskydur.sk/wp-content/uploads/2025/10/Oznamenie-podla-zakona-c.3572004-2019.pdf">Oznámenie podľa zákona č. 357/2004 Z. z. za rok 2019</a></li>
</ul>
</div>
<div class="column">
<h2>Zástupca starostu</h2>
<p>Martina Pálešová</p>
</div>
<h2>Poslanci</h2>
<p>Martina Pálešová<br />
Renáta Paulusová<br />
Ivana Thomková<br />
Maroš Lettrich<br />
Peter Kuna</p>
<div class="column">
<h2>Hlavný kontrolór obce</h2>
<p>Mgr. Daniela Hupková Dančová</p>
</div>
<p><!--more--></p>
<hr />
